hat is -20 - (-13 + 6) - -9 - (-1 + -2)?
-1
Calculate 23 - (-9 - -20 - 1).
13
16 - 26 - (-4 - (-5 + (-1 - -5)))
-7
What is (-5 - 3) + (13 - 15) + 48?
38
What is -17 + 0 - ((-53 - -19) + 23 + 2)?
-8
Calculate -7 - (-2 + 0 + 1) - (-11 - -5).
0
(1 - 17) + (819 - 825)
-22
Calculate 4 - ((-1 - (-4 - -7)) + 4) - -4.
8
What is the value of (17 - (5 + 5 + -9)) + -8?
8
Evaluate 37 + -61 + 26 + 12.
14
Evaluate 11 + (10 - 14) - -4 - 28.
-17
Calculate (-45 - (-19 - -4 - -2)) + 1.
-31
Calculate 1 + -18 - (-27 + -8 + 35).
-17
-18 + -17 + 46 - (3 - -21)
-13
Calculate (-3 - -9) + (7 - 10) + 3 - -4.
10
Calculate -5 + 14 + -14 + 9 + 4 + 1.
9
Calculate (-2 - 6) + (-1 - -5 - -4).
0
Calculate -28 + 1 + 2 + 35 + -34 + 0.
-24
What is the value of 5 + 3 - ((-8 - -30) + 1)?
-15
11 - (-8 - 3 - (22 - 22))
22
What is -33 + -4 + 19 + 7?
-11
Calculate (-82 + 90 - (0 + -1)) + 13.
22
Calculate -18 + 17 + -6 + 3.
-4
Calculate -665 + 682 - (1 + 39).
-23
What is the value of -1 - (6 + (6 - (-3 + 7 + 3)))?
-6
4 + -260 + 284 + (1 - 14)
15
Evaluate -5 + -10 + (4 - (-7 - -3)).
-7
What is (-11 - (-5 - -4)) + -4 - -12?
-2
What is the value of (16 - (-7 - (-5 - 5))) + -7 - -5?
11
Calculate -27 - -29 - (-41 - -5).
38
What is the value of (-20 - (-17 - 18)) + -28?
-13
Calculate (8 - (16 - 1) - -34) + -7.
20
Evaluate 19 + -44 + 38 + 0 + -37.
-24
0 + -5 + -3 + 10 + -2 - 4
-4
Calculate -19 + 31 - (4 + 0 + 2) - -6.
12
1 + -7 - (244 + -246)
-4
Evaluate -2 + -5 + (5 - (3 + -5 - 5)).
5
Evaluate (-6 - -32) + -4 + -34.
-12
What is -8 + -10 + -29 + 14?
-33
Calculate -7 + -7 - (7 + -24).
3
What is 2 + (2 - 16) + 19?
7
Calculate 17 + -3 - (7 - -14).
-7
What is the value of (9 - -7 - -1) + -5 + 0 + 1?
13
Evaluate -97 + 105 + (5 - -9).
22
-224 + 216 - (2 + -2)
-8
-13 - ((78 - 88) + 21 + 2)
-26
Evaluate (24 - 23) + (-4 - -7) + -13.
-9
5 + (5 + (-3 - 12) - (12 + 0))
-17
What is the value of 464 + -462 + (0 - -2 - 1 - -9)?
12
Calculate -7 + (0 - (-1 + -3 + (-4 - -10))).
-9
4 - (22 + -24) - (2 - -4)
0
Evaluate (-5 + (-6 - -4 - -4) - 11) + -2.
-16
1 + (6 + -19 - -25)
13
What is 15 - 47 - -16 - -20?
4
What is 16 + (-1 - (0 - 0)) + (-131 - -128)?
12
5 + (-23 - 1) + -6 + 11 + 3
-11
What is the value of -9 + (12 + 2 + -6 - 6) + 5?
-2
Evaluate 15 + 32 + -28 - (9 + 2 + 0).
8
What is the value of 11 + 5 - (2 - -1)?
13
Evaluate -10 + (-9 - -22) + -4 + (2 - 5).
-4
-4 + 4 + 1 - -20 - (9 + -2)
14
-129 + 127 + (-5 + 0 - -25)
18
What is the value of -10 + (-68 + 59 - (-5 + 2))?
-16
Calculate -29 + (-22 - -54) + 4.
7
What is 5 + -8 + -2 + (-5 - -1) + -1?
-10
What is -23 + 33 + (-6 + -6 - (1 - 4))?
1
What is the value of 0 + -9 + (-154 - -164) + -1 + 5?
5
What is -4 - -7 - -3 - (-20 + 19)?
7
What is the value of (-2 - 0) + (-4 - (-16 - (13 + -6)))?
17
Calculate 22 + -6 + (9 - 17) + 8.
16
What is the value of (18 + -19 - (3 + -2 + 1)) + -3?
-6
(6 - -3 - -3) + -21
-9
Calculate 55 + -48 + -4 + (4 + -7 - -6).
6
What is -48 - (34 - 59) - -12?
-11
What is the value of -3 - 1 - ((-4 - -12) + -28 - 4)?
20
-17 + (-22 - -1 - -21 - (1 - 7))
-11
Calculate 67 + -112 + 50 + (13 - -1 - -1).
20
What is the value of 2 - (-11 + 2 - (-92 + 85)) - 1?
3
What is (-8 - 0) + (-27 - -13 - -13)?
-9
-7 + -21 + -147 + 174
-1
Calculate -1 + 1 - (168 - 179 - (-2 + 0)).
9
What is the value of (1 - 0) + 19 - (14 - -7 - 15)?
14
Calculate -105 - -130 - (-5 + 37).
-7
Evaluate 0 - (7 - (-16 + 10 + 0)).
-13
What is -17 - (-4 + (25 - (7 - 4)))?
-35
Evaluate 2 + -15 + 6 + -1 - -9.
1
-6 + (-2 - (11 + -6 + 5))
-18
Calculate -5 + (0 - (2 + -3 - -2)) + -5.
-11
0 + -18 + (1 - 0) - (-287 + 291)
-21
Evaluate (0 + -1 + 1 - -7) + -1.
6
What is 5 - (16 - (11 - -4) - (-27 - -1))?
-22
What is the value of -2 + -3 + 10 + -7?
-2
-8 + (3 - (20 + -5))
-20
(-7 - -28 - 11) + -10 - 0
0
(0 - (-1 + -16)) + (1230 - 1231)
16
What is the value of 7 - ((5 - -2) + 4 - -4)?
-8
-9 - (-15 + -17 + 14 - 0)
9
Calculate 1 - (-6 - ((1 + -5 - -5) + -8)).
0
Calculate 3 + 4 + (-10 - -13) + -18 + 38.
30
(1 - (5 - 7)) + -5 + 6
4
-9 - -8 - (-6 + -6 + 6)
5
What is (2 - (-1 + -3)) + (-20 - -16)?
2
Calculate -32 - (-6 - (9 - 4)) - -2.
-19
(4 - 7 - 1) + (-2 - (-2 - -1))
-5
Evaluate -8 + (0 - (-2 - (6 + -2 + -1))).
-3
257 + -264 - (-21 - (-2 + 1))
13
(-11 + 7 - -8) + -7 - 10
-13
What is 3 + -1 - -18 - (-57 + -9 + 68)?
18
(3 - 2) + (30 - (0 + 20))
11
What is the value of 0 + 2 + (-11 - (40 - 61))?
12
Calculate (7 - -13) + -6 - 9.
5
What is the value of (-6 + 1 - (1 + (17 - 21))) + 5?
3
(-10 - (5 - 4 - -2)) + 37
24
-3 - (12 + (12 + (5 - 14) - 13))
-5
Calculate 24 + -7 + -10 + 5 + -1.
11
Evaluate -22 + (53 - 0) + -19.
12
Calculate -2 + -1 + 3 + 4 + (133 - 125).
12
Calculate 5 + 39 + -32 + (2 - 1) + -1.
12
Evaluate (-9 + 35 - 8) + 12.
30
What is the value of -39 - (-7 - (-2 + 24))?
-10
What is the value of -1 - -12 - (-28 + 28)?
11
Evaluate 2 + (0 - -4 - 2 - (18 + -28)).
14
What is the value of 8 - ((7 - (-4 + -10 - 6)) + 3)?
-22
(-1 - 6) + 62 + -61 - -22 - 2
14
What is -12 - (2 + -11) - 15?
-18
-4 - -3 - -4 - (-57 + 52) - 24
-16
Evaluate 3 + -2 + (-2 - (-3 - 6)).
8
What is 1 + (-1 - 5 - (-37 - (29 - 55)))?
6
Evaluate -7 + -13 + 9 + -7 + 1.
-17
Evaluate 16 + -19 + -1 - -15.
11
45 - -17 - 36 - -4
30
What is the value of -20 + (-10 + 35 - -5)?
10
What is -17 + 9 + 6 + 0 - 6?
-8
4 + -9 + -7 + 23
11
(-25 - (-29 + 2)) + 9
11
-286 + 277 - (-31 - -2 - 2)
22
Calculate 2 - ((-1 - -2) + (16 - -5) + -17).
-3
What is the value of 16 + 1 - (-100 + 166) - -16?
-33
Evaluate 22 + (6 - 6 - 11).
11
What is the value of 17 + (15 - 5 - 9)?
18
Calculate 17 + 0 + 10 + -10 + 5 + -6.
16
What is the value of -22 + (-1 - -16) - -23?
16
11 - 4 - (2 - 1) - -6
12
Calculate -14 + (-3 - (28 + -20)).
-25
Evaluate (-11 - (2 - 5 - -4)) + -15.
-27
18 - ((1 - -15) + 128 + -133)
7
What is 6 + (8 - 25) + -10?
-21
What is the value of 38 + -39 - (9 - 25)?
15
What is the value of (-8 + 4 - 0 - -37) + -11?
22
(22 - (-5 - -1)) + (64 - 76)
14
What is 18 + 7 + (-18 - -9) + 3?
19
Calculate (0 - (-8 + (1 - 1))) + 1.
9
What is the value of 2 - 3 - (7 - (-13 + 8 + 9))?
-4
Calculate -24 + 14 - (-11 + 4).
-3
-2 + -6 + (5 - -4 - (0 - 4))
5
Calculate (21 - 4) + (-3 - (1 - 0)) + -3.
10
What is (9 + -24 - (12 + -13)) + -1 + 0?
-15
Evaluate -13 + -1 + 1 + 1 + 87 + -81.
-6
Evaluate (4 + 4 - 3) + (-25 - -31).
11
What is (-1 - -18) + 457 + -475?
-1
-18 - ((-3 - 1) + 3 - 3)
-14
What is 2 + (93 + -90 - (4 + 1) - 1)?
-1
Evaluate 9 - 16 - (14 - 19).
-2
What is the value of 11 - (15 - (-34 - -27))?
-11
-12 + (-6 - 14) + -2 + 12
-22
What is the value of (-26 - -17 - -14) + 0 + -1?
4
Calculate -181 + 162 - (-1 + -9) - (-23 - -3).
11
Evaluate -10 + (7 - (15 + -18)).
0
Calculate 23 + -24 + 1 + 11.
11
What is the value of -20 + -4 + 12 + -8 + 11 + 4?
-5
What is -34 + 48 + (1 - -1) + 8 - 1?
23
7 + (-13 - -15) + -9
0
29 + (-26 - (28 - 13))
-12
What is the value of 5 + 0 - -5 - 31?
-21
Calculate (61 + -13 - 51) + 0 + -23.
-26
What is 8 + (6 + -2 - 0)?
12
Evaluate 1 + -2 + -3 + 17 + -13 + 10.
10
What is the value of 8 - ((11 - (-16 + 39)) + 7)?
13
Evaluate -1 + (-1 - (8 - 7)) + (-9 - 2).
-14
Evaluate -10 + -8 + (-6 + 10 - -6).
-8
-42 - (1 - 8) - (19 + -31)
-23
What is (3 + -22 + 1 - (106 + -108)) + 2?
-14
Calculate (-13 - -12 - -10) + (-2 - 1).
6
What is (-1 - -1) + 20 - (89 - (68 - -26))?
25
What is (-28 - (7 - 21)) + (2 - 0)?
-12
What is -37 - (-42 + 20 - 14)?
-1
Calculate 0 - 1 - ((75 - 67) + -2).
-7
Calculate -34 - ((-18 - -14) + -15).
-15
Evaluate 11 - (-3 - -19) - 9.
-14
What is the value of (2 - (-16 - -11)) + (5 - 22)?
-10
What is -5 + -16 + 6 - -16?
1
What is the value of (0 - 21) + -10 + -12 + 28?
-15
Evaluate -6 + (11 - (-9 - -26)) - 0.
-12
Calculate 8 - (22 + -20) - 1.
5
What is the value of -12 + (-20 + 35 - 13)?
-10
(-23 - (-11 + 25 + -9)) + 5
-23
Calculate 4 + -4 + 6 + -2 + (-1 - 2).
1
What is the value of 14 + (-1 + 3 - (-178 - -176))?
18
1 + -3 - (12 + 0 + -1 - 5)
-8
What is the value of (-5 - 4) + 4 + 16?
11
What is the value of 17 - (14 - (10 - 6)) - 15?
-8
What is the value of -3 - (-12 - -1) - (6 - (10 - 0))?
12
-1 - (26 - 20) - (-24 - -2)
15
What is the value of -1 - -5 - (5 - (-4 - -16))?
11
-6 + (-10 - -9) + 10 + 9
12
Calculate (5 - -5) + -1 - (-4 - (-2 - 7)).
4
What is the value of -1 + (2 - (2 - -4)) + (-1 - -23)?
17
What is the value of (3 - 17)